y - 1. Let i(r) be the third derivative of -1/2*r**3 + 0*r + n - 1/60*r**5 - 16*r**2 - 1/6*r**4. Give i(-2).
1
Suppose 0*g = 5*g + 20. Let d = 182 + -158. Let z(o) = -o**3 + d*o - 4 - 5*o**2 - 52*o + 23*o. What is z(g)?
0
Let w(f) = -f**3 - 3*f**2 + f - 2. Suppose -2*n = 28 - 54. Suppose 0 = 4*v - n + 1. Suppose 5*h - 3*r = -21, -3*r - 5 = v*h - r. Determine w(h).
-5
Let m(f) = 50*f**2 - 16*f - 280. Let s(p) = -18*p**2 + 6*p + 94. Let j(l) = 4*m(l) + 11*s(l). Calculate j(0).
-86
Suppose 18*z - 14 = 16*z - 4*p, 28 = 4*z - 5*p. Let j(x) = x + 2. Give j(z).
9
Let f(h) = -11*h - 40*h - 54 + 31*h**2 + 84*h - 29*h**2. Give f(-18).
0
Let q(x) = -30*x**2 + 36*x + 20. Let z(a) = -17*a**2 + 18*a + 13. Let k(f) = -4*q(f) + 7*z(f). Calculate k(10).
-69
Let t(l) = 2*l**2 + 52*l + 5. Suppose -98 - 36 + 4 = 5*u. What is t(u)?
5
Let i(n) be the third derivative of -n**4/8 - n**3 - 17*n**2. Suppose 17 = x - 3*z, 13 + 3 = -2*x - 4*z. Suppose x*m + 12 - 2 = 0. Give i(m).
9
Let r(v) be the third derivative of -v**6/120 - 7*v**5/60 + v**3/3 - 4*v**2. Let a = -142 - -130. Let z(g) = 2*g + 17. Let n be z(a). Determine r(n).
2
Suppose 4*x + 10*o - 6*o - 44 = 0, 3*x - 3 = 2*o. Let w(n) = -n**3 + 5*n**2 - 5*n + 24. Calculate w(x).
-1
Let a(m) = -9*m + 88. Let r(b) = -10*b + 43. Let q(s) = -2*a(s) + 3*r(s). Give q(-4).
1
Let x be (-13 + 0)*(-8)/(-10)*40/(-208). Let w(m) = 2 + m - 2*m**3 + 0*m**2 - 2*m + 3*m**2. What is w(x)?
-4
Let z = -14437 + 14441. Let c(m) be the second derivative of -7/6*m**3 + 0 + m**2 + 1/12*m**z + 33*m. Give c(4).
-10
Let b = 2486 - 2481. Let h(v) be the third derivative of 0 + 1/3*v**4 + 1/15*v**b + 0*v - 2/3*v**3 - 8*v**2 - 1/120*v**6. Calculate h(5).
11
Let q(a) = -3*a - 8. Let p be (-5 - -5)/(-2 - 0). Let k be ((-2)/(-3) + p)*(6 - -3). Determine q(k).
-26
Let a(t) = -2*t - 40. Let s(w) = 3*w**2 + 164*w + 2227. Let v be s(-28). What is a(v)?
-14
Suppose -t - 25 = -5*u - 3*t, 3*u + 1 = 2*t. Let z(o) be the second derivative of o**5/20 - 5*o**4/12 - o**3/3 + 2*o**2 + 409*o. Give z(u).
-20
Let h(p) = p**3 + 6*p**2 + 0*p**3 + 0*p**3 - 4. Let x(f) = -20*f + 28. Let s be x(-3). Suppose s + 38 = -21*k. What is h(k)?
-4
Suppose -213*g - 652 = -1291. Let u(f) = 14*f - 39. Determine u(g).
3
Let u(z) = -63321 - 63321 - 63316 - z**2 - z + 189958. Suppose -5*v + 21 = a, -4*v + 7 = -v - 5*a. Determine u(v).
-20
Let u(j) = -j - 4. Let l(w) = w + 7. Let n(r) = -4*l(r) - 7*u(r). Let g be (-2)/(-6) + 16/6. Let f be (-4)/(-6) - 17/g. Determine n(f).
-15
Let o(k) = -10*k + 5. Let x(j) = -14*j + 6. Let g(n) = -3*o(n) + 2*x(n). Suppose -s - 10 = -2*s. Give g(s).
17
Let n be -47 + (4 - (-7 + 2)/(-5)). Let g be (-198)/n*8/(-6). Let h(s) = 2*s**2 - 8*s - 8. Let q(r) = r**2 - r. Let u(k) = h(k) - 3*q(k). Calculate u(g).
-14
Let j(w) = -w**2 - 6*w + 5. Let l(u) = u - 17. Suppose 0 = 5*b + 2 + 3, 3*r = b + 25. Let i be l(r). Calculate j(i).
-22
Let c = 5984 - 3466. Let l(p) = -18*p**2 + 2*p**2 - 2519 + c. What is l(1)?
-17
Let h(q) = -10*q + 39*q - q**2 + 2 - 10*q - 1 - 18*q. Let t(w) = -4*w**2 - 3*w + 4. Let o(m) = 3*h(m) - t(m). What is o(-9)?
26
Let r(a) be the first derivative of -1 + 1/2*a**2 + 4*a - 1/3*a**3. Suppose 9 = 5*g + 2*q, 689*q - 27 = -3*g + 686*q. Determine r(g).
-8
Let q(a) = 4*a**2 + 5*a + 6. Let z(v) = -v**3 - v**2 + v - 7. Let o(w) = q(w) + z(w). Suppose 2*s + s + 18 = 0. Let d = s - -10. Determine o(d).
7
Let g(n) be the third derivative of -n**5/60 + 3*n**4/4 + 29*n**3/3 + 119*n**2 + 2*n. What is g(20)?
18
Let f(n) be the first derivative of -2*n**3/3 + n**2 - 10*n - 154. Determine f(3).
-22
Let h(b) = -205 + 168 - 2*b + 11*b - 8*b. Calculate h(12).
-25
Let f(q) = -5*q - 12. Let d = 3 - -2. Let b(g) = 7*g + 18. Let z(m) = d*b(m) + 8*f(m). Let c(u) = -21*u**2 - 780*u - 115. Let k be c(-37). Give z(k).
14
Let q(s) = -s - 1. Let v(z) = 7. Let f(w) = -4*q(w) - v(w). Let d be (4/(-8) - 1)*12/9. Let u(l) = -l. Let c be u(d). Determine f(c).
5
Let s(b) be the second derivative of b**5/20 + b**2/2 + 719*b. Give s(3).
28
Let c(f) = -6*f**3 + 8*f**2 - 8*f + 11. Let z be c(2). Let v(i) = i**2 + 19*i - 55. Determine v(z).
-13
Suppose 63*b - 57*b = 0. Let h(r) = 3*r + 2. Let j be h(3). Let y(z) = 3*z - z - z + j - 1. Give y(b).
10
Let d(i) = -5 + 2 + 645*i**2 - 647*i**2 + 267*i**3 - 262*i**3. Give d(-2).
-51
Let l(s) = -35*s**2 + s - 10. Let j(n) = 8*n**2 - n + 3. Let d(h) = -5*j(h) - l(h). What is d(4)?
-69
Let r(j) be the third derivative of 0 + 0*j - 75*j**2 - 1/24*j**4 + 0*j**3. Give r(5).
-5
Let a(w) = 6*w**3 + 9*w**2 + 62*w + 2. Let s(v) = 3*v**3 + 5*v**2 + 34*v + 1. Let p(d) = -6*a(d) + 11*s(d). Give p(-2).
23
Let u(t) = -2*t**2 + 8*t - 5. Let l(s) = 7*s + 104. Let z = 213 - 227. Let w be l(z). Calculate u(w).
-29
Let k be (3 - 4)*(-35)/5. Let q(w) = 85 - 44 + w + 18*w**2 - 40 - k*w**2. Suppose -5*u - 3*p + 4 = 0, -4*p + 2 = -2*u - 12. What is q(u)?
11
Let o be 13/3 - 6/18. Let y(c) = 3*c**3 + 2*c**2 + 6*c + 2. Let j(x) = 4*x**3 + 2*x**2 + 7*x + 2. Let h(r) = o*j(r) - 5*y(r). Determine h(3).
1
Let d(x) = 5096*x**2 + x**3 + 0*x + 7 + x - 5090*x**2. Give d(-6).
1
Let m(d) = 680*d**3 - 8 - 681*d**3 + 6*d**2 + 4*d**2 - 5*d**2. Calculate m(6).
-44
Let c(z) = -z + 60829 - 2*z + 2*z - 60826. What is c(2)?
1
Let u(t) = -14*t + 19*t + 59 - 46 - 4*t. What is u(-11)?
2
Let v(l) = 4*l + 3. Let z(a) = -1. Let s = 191 + -190. Let w(x) = s*v(x) + 3*z(x). Calculate w(-1).
-4
Let l(b) = -b**3 - 8*b**2 + 6*b - 14. Let i = -43874 + 43865. Determine l(i).
13
Let k(b) = -1 + 0*b + b**2 + b - 4*b + 4*b. Let y(v) = -5*v**2 - 13*v + 3. Let r(c) = 6*k(c) + y(c). Let s = 3 + 3. Give r(s).
-9
Suppose 5*f + 25 = 3*w, 8*w = -3*f + 9*w - 11. Let c(j) = -2*j - 3. Let p be 17/(-3) - 4/(-6). Let x(v) = -v - 1. Let a(r) = p*x(r) + c(r). What is a(f)?
-4
Let n(k) = -k - 4. Let s(p) = -1 - p**2 + 8*p + 0 - 7*p. Let f(q) = -n(q) + 2*s(q). Calculate f(-2).
-12
Let w(n) = 2*n**2 - 13*n + 8. Suppose 33*t = 14*t - 2831. Let i = t + 155. Give w(i).
2
Suppose 2 = 2*u + 2*m - 2, 5*u + 3*m = 12. Suppose -2*f - 12 - 2 = 2*i, 2*i + 13 = -u*f. Let q(b) = -b**3 - 7*b**2 + 8*b + 7. Give q(i).
7
Suppose -15*i = 7*i - 88. Let o(b) = 13 + 12 - i*b**3 + 5*b**3 - 1. Determine o(0).
24
Let y(x) = 5*x + 4. Let n(b) = b**3 - 10*b**2 + 9*b + 12. Let v be n(5). Let o = v - -69. Let r = o - -3. Give y(r).
24
Suppose 60 = 8*u - 3*u. Suppose -u*c + 8*c + 4 = 0. Let i(l) = 311*l**2 - 619*l**2 + 307*l**2 + 6*l**3 + 5*l**3. Give i(c).
10
Let y(i) = 6*i**2 + 1. Let s(c) be the first derivative of c**4/4 + c**3/3 - c**2/2 + 3*c + 210. Let l be (4/3)/((-8)/12). Let p be s(l). What is y(p)?
7
Let y(w) be the second derivative of -w**4/12 - w**3/2 + 2*w**2 + w. Let l be (4/12)/((-5)/90*3). Let a be 1*((l - 3) + 0/(-3)). Determine y(a).
-6
Let n be 22/(-2) - (44 - 53). Let s(h) = -2*h**3 - 7*h**2 - 8*h. What is s(n)?
4
Let b(y) = 273*y + 549. Let z be b(-2). Suppose 4*m = 2*m + 10. Let a(q) = -q - 5 - q + 3 + m + 2*q**2 - q**3. What is a(z)?
-12
Let y(n) = -n**3 - 30*n**2 + 451*n - 5. Let f be y(11). Let i(v) = -2*v**3 - 7*v**2 + 4*v + 11. Calculate i(f).
66
Suppose -5*z - 7*z + 48 = 0. Suppose 0*t = 3*t + 4*i - 20, -2*i - 18 = -2*t. Suppose z*r - t = 2*r. Let p(l) = l**3 - 3*l**2 - 5*l + 5. Determine p(r).
1
Let q(a) be the first derivative of 2 - a + 5/2*a**2. Calculate q(4).
19
Let t(a) = 13*a**3 + 29*a**2 + 4. Let j(d) = -11*d**3 - 23*d**2 - d - 4. Let v(p) = 6*j(p) + 5*t(p). Determine v(4).
20
Let r be (2 - 7) + 10 + -30. Let h be (-14)/5*r/10. Let p(a) = -7*a**3 + a**2 - 5*a - 8. Let z(x) = 8*x**3 + 6*x + 8. Let f(b) = 7*p(b) + 6*z(b). What is f(h)?
-1
Suppose 15 = -a - 5*t + 27, -3*t = -a - 4. Let r(d) = 590 + 11*d**a - 2*d - 1180 + 591. Let v = 1 - 0. What is r(v)?
10
Let x(n) = 18*n**3 - 5*n**3 - 2*n**2 - n + 7*n**3. Let a be (-12*6/54)/((-12)/(-9)). What is x(a)?
-21
Let q be ((-1)/1)/(3/9). Let y(n) be the second derivative of n**4/12 + 5*n**3/6 + n**2/2 - 60897*n. Determine y(q).
-5
Let z(x) = -x**2 + 10*x + 8. Let g(s) = -108*s - 655. Let i be g(-6). What is z(i)?
-111
Let l(z) be the second derivative of z**5/20 - 7*z**4/6 + 23*z**3/6 + 7*z**2 - 10*z + 19. What is l(12)?
2
Let y(v) be the first derivative of -v**3/3 - 9*v**2/2 + 2*v - 1979. Determine y(-10).
-8
Let k(i) = -6*i - 42. Let c(x) = 14*x + 105.